er when 90460 is divided by 359.
351
What is the remainder when 138394 is divided by 1294?
1230
Calculate the remainder when 21050 is divided by 69.
5
What is the remainder when 2090 is divided by 262?
256
Calculate the remainder when 126646 is divided by 267.
88
What is the remainder when 10099 is divided by 44?
23
What is the remainder when 3044 is divided by 1467?
110
Calculate the remainder when 769 is divided by 427.
342
Calculate the remainder when 308036 is divided by 61596.
56
Calculate the remainder when 204 is divided by 179.
25
What is the remainder when 1719 is divided by 2?
1
Calculate the remainder when 9739 is divided by 39.
28
What is the remainder when 486242 is divided by 14?
8
Calculate the remainder when 176017 is divided by 58670.
7
Calculate the remainder when 6978 is divided by 37.
22
What is the remainder when 14167 is divided by 590?
7
What is the remainder when 14388 is divided by 38?
24
What is the remainder when 215328 is divided by 84?
36
Calculate the remainder when 3318 is divided by 159.
138
Calculate the remainder when 20368 is divided by 120.
88
Calculate the remainder when 6780 is divided by 925.
305
What is the remainder when 86897 is divided by 1405?
1192
What is the remainder when 76575 is divided by 2252?
7
What is the remainder when 2069 is divided by 412?
9
Calculate the remainder when 97065 is divided by 571.
566
What is the remainder when 112179 is divided by 1058?
31
Calculate the remainder when 9798 is divided by 2429.
82
Calculate the remainder when 2908 is divided by 1380.
148
Calculate the remainder when 1182 is divided by 570.
42
What is the remainder when 1427 is divided by 694?
39
What is the remainder when 553755 is divided by 1037?
1034
Calculate the remainder when 11057 is divided by 789.
11
Calculate the remainder when 113354 is divided by 205.
194
What is the remainder when 117540 is divided by 730?
10
What is the remainder when 1912 is divided by 27?
22
What is the remainder when 19734 is divided by 153?
150
What is the remainder when 7944 is divided by 36?
24
What is the remainder when 2004118 is divided by 72?
70
Calculate the remainder when 39250 is divided by 127.
7
Calculate the remainder when 31193 is divided by 600.
593
Calculate the remainder when 211974 is divided by 81.
78
Calculate the remainder when 45860 is divided by 13.
9
Calculate the remainder when 11155 is divided by 233.
204
What is the remainder when 9970 is divided by 3?
1
Calculate the remainder when 154493 is divided by 360.
53
Calculate the remainder when 1833 is divided by 90.
33
Calculate the remainder when 495789 is divided by 1480.
1469
Calculate the remainder when 8063 is divided by 39.
29
Calculate the remainder when 432277 is divided by 161.
153
What is the remainder when 819 is divided by 167?
151
Calculate the remainder when 381509 is divided by 18.
17
Calculate the remainder when 234428 is divided by 18.
14
Calculate the remainder when 65455 is divided by 385.
5
Calculate the remainder when 10133 is divided by 133.
25
Calculate the remainder when 17892 is divided by 1262.
224
What is the remainder when 4156 is divided by 1360?
76
What is the remainder when 4285 is divided by 78?
73
Calculate the remainder when 40561 is divided by 20269.
23
What is the remainder when 10223 is divided by 1336?
871
What is the remainder when 1413 is divided by 89?
78
Calculate the remainder when 123585 is divided by 73.
69
What is the remainder when 30395 is divided by 68?
67
Calculate the remainder when 607236 is divided by 95.
91
Calculate the remainder when 778738 is divided by 30.
28
What is the remainder when 6718 is divided by 1135?
1043
Calculate the remainder when 1953 is divided by 320.
33
What is the remainder when 58814 is divided by 181?
170
Calculate the remainder when 3154 is divided by 106.
80
What is the remainder when 19455 is divided by 70?
65
Calculate the remainder when 6308 is divided by 235.
198
Calculate the remainder when 22476 is divided by 247.
246
Calculate the remainder when 213693 is divided by 9.
6
Calculate the remainder when 740 is divided by 266.
208
What is the remainder when 6698 is divided by 20?
18
What is the remainder when 33986 is divided by 16993?
0
Calculate the remainder when 186023 is divided by 646.
621
Calculate the remainder when 8817 is divided by 1177.
578
What is the remainder when 118 is divided by 37?
7
Calculate the remainder when 83634 is divided by 3980.
54
What is the remainder when 3353 is divided by 974?
431
Calculate the remainder when 14603 is divided by 16.
11
What is the remainder when 38671 is divided by 311?
107
Calculate the remainder when 8286 is divided by 552.
6
What is the remainder when 4084351 is divided by 91?
89
What is the remainder when 861 is divided by 600?
261
Calculate the remainder when 1386549 is divided by 277308.
9
Calculate the remainder when 349943 is divided by 356.
351
What is the remainder when 10129 is divided by 1992?
169
What is the remainder when 9250 is divided by 1027?
7
What is the remainder when 58414 is divided by 58380?
34
What is the remainder when 6593 is divided by 1636?
49
Calculate the remainder when 6289 is divided by 1.
0
Calculate the remainder when 309140 is divided by 61818.
50
What is the remainder when 15434 is divided by 166?
162
What is the remainder when 537798 is divided by 641?
640
What is the remainder when 831234 is divided by 186?
0
Calculate the remainder when 2535964 is divided by 178.
176
Calculate the remainder when 11709 is divided by 5.
4
Calculate the remainder when 135238 is divided by 54.
22
What is the remainder when 18929 is divided by 76?
5
What is the remainder when 10628 is divided by 1740?
188
Calculate the remainder when 231080 is divided by 58.
8
Calculate the remainder when 3829 is divided by 79.
37
What is the remainder when 492 is divided by 130?
102
Calculate the remainder when 13913 is divided by 118.
107
Calculate the remainder when 6399 is divided by 536.
503
Calculate the remainder when 3839 is divided by 128.
127
Calculate the remainder when 12188 is divided by 214.
204
What is the remainder when 130726 is divided by 58?
52
What is the remainder when 10199 is divided by 927?
2
Calculate the remainder when 9642 is divided by 231.
171
What is the remainder when 50044 is divided by 1317?
1315
What is the remainder when 103448 is divided by 103422?
26
What is the remainder when 27642 is divided by 18?
12
Calculate the remainder when 16837 is divided by 121.
18
Calculate the remainder when 31582 is divided by 16.
14
Calculate the remainder when 3389 is divided by 91.
22
Calculate the remainder when 21410 is divided by 2137.
40
Calculate the remainder when 351244 is divided by 3.
1
Calculate the remainder when 7012 is divided by 54.
46
What is the remainder when 1564 is divided by 1433?
131
What is the remainder when 556210 is divided by 55620?
10
Calculate the remainder when 4012 is divided by 4004.
8
Calculate the remainder when 30494 is divided by 51.
47
What is the remainder when 6215 is divided by 2044?
83
Calculate the remainder when 9649 is divided by 40.
9
What is the remainder when 5570 is divided by 63?
26
What is the remainder when 24522 is divided by 4079?
48
What is the remainder when 7896 is divided by 152?
144
Calculate the remainder when 576 is divided by 138.
24
What is the remainder when 969 is divided by 158?
21
What is the remainder when 1271570 is divided by 475?
470
Calculate the remainder when 14966 is divided by 159.
20
Calculate the remainder when 198775 is divided by 328.
7
Calculate the remainder when 465659 is divided by 780.
779
What is the remainder when 21508 is divided by 90?
88
What is the remainder when 277980 is divided by 34?
30
Calculate the remainder when 256532 is divided by 15089.
19
What is the remainder when 39425 is divided by 115?
95
Calculate the remainder when 29019 is divided by 5.
4
What is the remainder when 50824 is divided by 10162?
14
Calculate the remainder when 10454 is divided by 194.
172
Calculate the remainder when 2147659 is divided by 17.
15
Calculate the remainder when 7935 is divided by 21.
18
What is the remainder when 2033 is divided by 145?
3
Calculate the remainder when 192158 is divided by 64047.
17
What is the remaind